 v(p) = -p**2 + 4*p + 1. Let q be v(4). Let f = q - -6. What is the units digit of f?
7
Let a = 2 + 1. Let x(n) = -n + 7. Let i be x(a). Suppose 5*q = -i*j + 6*j + 5, -5*j + 2*q + 40 = 0. What is the tens digit of j?
1
Let z(u) = -7*u + 4. Let m be z(-4). Let t = -3 + 6. Suppose -m = -t*i - i. What is the units digit of i?
8
Let r be 5*(8/10)/(-1). Let m = r + 10. Let x = m - 2. What is the units digit of x?
4
Let n = -8 + 16. What is the units digit of n?
8
Let b = -88 + 514. What is the units digit of b?
6
Let v = 41 + -23. Suppose -a = 1 - v. Suppose 0 = 3*g - 5*s + 3, -4*g = 5*s - 14 - a. What is the units digit of g?
4
Let j(o) = -o**3 + 6*o**2 - 4*o. What is the units digit of j(5)?
5
Let u(b) = -2*b + 1. Let w be u(-1). Let q be -4 + w/(1 + 2). What is the units digit of q/6*(0 - 14)?
7
Let p(r) = r**2 - r + 5. Let k be p(0). Suppose -k = -2*l - 1. Suppose q - 5*j = 3*q - 41, -2 = q - l*j. What is the units digit of q?
8
Let x(u) = 41*u + 9. What is the tens digit of x(3)?
3
Let p(d) be the second derivative of 7/2*d**2 - d + 0 + 1/20*d**5 + 0*d**3 + 0*d**4. What is the units digit of p(0)?
7
Let r = -2 + 2. Let b(g) = -4*g + 11 + 3*g**3 + g**3 - 3*g**3 + 5*g - g**2. What is the tens digit of b(r)?
1
Let x = -8 + 13. Suppose -x*s - f = -25, -2*s - 6*f = -3*f - 23. Suppose s*w = 0, 2*j - 14 = -3*w - w. What is the units digit of j?
7
Let o = 49 - 46. What is the units digit of o?
3
Let g be -3 - 0/(-4) - -1. What is the units digit of 1179/54 + g/(-12)?
2
Suppose -5*g = -g + 2*t - 470, -5*g = -t - 584. Let r be g/(-45) - 2/5. What is the tens digit of 15 - 1/(r/(-9))?
1
Let z(j) = -j - 5. Suppose 2*s - 3*s = 7. What is the units digit of z(s)?
2
Suppose -3*m + m - 4*k + 16 = 0, 0 = -5*m + 2*k + 4. Suppose -4*c = -y - 13, m*y + 3*c + 0*c - 29 = 0. What is the units digit of y?
7
Let s be (-6)/(6/10 + -1). Let h be (-3)/(-5) + (-9)/s. Let w = h + 6. What is the units digit of w?
6
Let w(g) = -7*g. Let p = 2 + -4. What is the units digit of w(p)?
4
Let n(m) = m**3 + 5*m**2 - 8*m - 12. Let g be n(-6). Suppose -4*u - 5*a + 128 = g, 0*u + 2*a = -2*u + 62. What is the tens digit of u?
2
Suppose -276 = -4*b - 40. What is the units digit of b?
9
Let y(g) = g**2 - 4*g + 2. Suppose 7 = 2*r + 3. Suppose -3*n + 4*w + 8 = 0, r*n + 5*w - 21 = -2*n. What is the units digit of y(n)?
2
Let w(y) = y**2 + 5*y - 8. Let r be w(-8). Suppose -s - 2*g = -4*g - r, s + 4*g = 4. What is the units digit of s?
2
Suppose -4*f - 5*f + 1098 = 0. What is the hundreds digit of f?
1
Let h(i) = -3*i**3 - 3*i**2 - 8*i + 8. What is the units digit of h(-4)?
4
Let u(a) = a**3 + 6*a**2 + 5*a. Let w be u(-4). Suppose 4*x = -4*m - w, 2*x + m + 1 + 0 = 0. What is the units digit of ((-1)/x)/((-2)/24)?
6
Let o(k) = 2*k**3 + 3*k**2 + 2*k - 2. Let i be o(-2). Let t = -4 - i. What is the tens digit of t + 4 + (-2)/(-1)?
1
Let s be (-1)/(-2)*8*1. Suppose 5*o - 15 = 0, -13 = -4*z - 3*o + s*o. What is the units digit of z?
4
Let z(h) = -h**3 + 10*h**2 - 7*h + 11. What is the units digit of z(9)?
9
Suppose -16 + 44 = -4*u. Let w(b) = b**3 + 6*b**2 - 9*b + 1. What is the units digit of w(u)?
5
Suppose s = 2*f - 889, -4*f + 993 = 2*s - 773. What is the tens digit of f?
4
Let j(h) = h**2 + 9. Let o(y) = y**3 + 4*y**2 - 5*y + 2. Let c be o(-5). Let s be (c - 10/4)*0. What is the units digit of j(s)?
9
Let l = -2 - -39. What is the units digit of l?
7
Let q = 55 + -45. What is the units digit of q?
0
Suppose 3*y - 76 = y. What is the units digit of y?
8
Let j(q) = -44 - 8*q + 40 - 2*q. What is the tens digit of j(-3)?
2
Let x(i) = -i - 3 + 1 - 1. What is the units digit of x(-6)?
3
What is the hundreds digit of (-47)/(3*(-3)/27)?
1
Let d be (-8)/(-3) - (-8)/6. Suppose d*h = -o + 26, 0*h = -2*o - h + 52. What is the units digit of o?
6
Let n(l) = -5*l - 1. What is the units digit of n(-8)?
9
Let t(h) = h**3 + 10*h**2 + 9*h + 2. Let q be t(-9). Suppose 5*g - 21 = -l, 4*l - q*g + 0*g - 18 = 0. What is the tens digit of (3/l)/((-3)/(-72))?
1
Let p = 202 + -113. What is the units digit of p?
9
Let c(m) = 2*m + 5. Let v be c(6). Let s = -12 + v. Suppose 0 = i + 2*a - 13, -4*i - s*a = -1 - 39. What is the units digit of i?
5
Suppose 5*o - v = 54 - 15, -2*o = -2*v - 14. Suppose -3*h - 80 = -o*h. What is the tens digit of h?
1
Let u be (1 - 1)/(2 - 3). Suppose 10 = g - u*g. What is the units digit of g?
0
What is the tens digit of (-43)/((0 - 2/(-4))/(-1))?
8
Suppose 0 = -4*g + 206 + 274. What is the hundreds digit of g?
1
What is the units digit of -217*(-7 - -3)/4?
7
Let r be (-41)/(-3) + 2/6. Suppose -2*g = -5*w - 9, 0*g - 8 = 2*w - 3*g. Let p = r - w. What is the tens digit of p?
1
Suppose -24*u - 117 = -27*u. What is the tens digit of u?
3
Suppose 2*z = -3*j - 1, 0 - 3 = z + 2*j. What is the tens digit of 28/6*(13 - z)?
2
Let r(s) = 10*s + 3. What is the tens digit of r(9)?
9
Let p = 4 - 1. Suppose -11 = -3*w + 4*i, -5*w + i + 4 = -p. What is the units digit of w?
1
Let r = 32 + -17. What is the units digit of r?
5
Let w = -90 + 207. What is the tens digit of w?
1
Let m be (6/9)/(2/105). Suppose 4*z = -z + m. What is the units digit of z?
7
Suppose 3*s - 4 + 1 = 0. What is the units digit of ((-1)/(-3))/(s/15)?
5
Let z(h) = h**2 - h + 3. Suppose 3*a = 2*l - 3 - 1, -4*a - 3*l + 23 = 0. Let g = 1 + a. What is the units digit of z(g)?
9
Let n be -1 + (-1)/1 + 2. Suppose 5*m + 2*v = 116, -4*v - 8 = -n*v. What is the units digit of m?
4
Let x = 33 + -22. Let k = 2 + x. What is the tens digit of k?
1
Let k(q) = 21*q**3 - q. Let y be k(1). Suppose -2*c + y = -c - 2*n, c + 3*n = -5. What is the units digit of c?
0
Suppose 0 = -3*k + 2*k + 34. Suppose -3*c = 2*q - 21, -4*c + k = 3*q + c. Suppose 5*v - b - b = 24, q*v + 5*b - 33 = 0. What is the units digit of v?
6
Suppose 2 = -4*u + 10. Suppose 2*d + 2 = -2*j, -4 = -u*d - 2*d - 2*j. What is the units digit of d?
3
Suppose 262 + 30 = 4*y. Suppose 0 = 4*o + y - 193. What is the units digit of 12/o - 146/(-10)?
5
Let k(i) = -4*i + 44. What is the tens digit of k(-17)?
1
Let g(h) be the third derivative of h**5/60 + h**4/6 - h**3 - 3*h**2. Let k be g(-8). Suppose -4*r + 34 = w, 5*w + k = 4*r + 2*w. What is the units digit of r?
8
Suppose 5*g + 12 = -8. Let y = g - -6. What is the units digit of (-70)/(-6) - y/3?
1
Let a be 1/(3/(-6) + 1). What is the units digit of 9/a + 3/(-6)?
4
Let t(h) = -h**3 - 3*h**2 + 4*h - 5. Let f be t(-4). Let c be f/((-10)/16) + 0. What is the units digit of c + (2 + -5)/3?
7
Let f(p) = -3 + p**2 + 3 + 1 - p. Let i be f(0). Let c(w) = 5*w**2 - 2*w + 1. What is the units digit of c(i)?
4
Suppose -62*x + 480 = -59*x. What is the tens digit of x?
6
Let i = -12 - -3. Let g be (-1 - 2)/(i/6). Suppose 4*f - g*n + 1 + 1 = 0, -4*n + 18 = -f. What is the units digit of f?
2
Let v be 38/6 + (-2)/6. Suppose 4*d - v = 6. Suppose 0 = 3*u + u + d*f - 37, -28 = -u + 3*f. What is the tens digit of u?
1
Let z(p) = -p**3 + p + 3. Let r be z(0). Let h be 4/(-4)*17/(-1). Suppose y - h = -r. What is the units digit of y?
4
Suppose -3*f = -89 - 88. What is the tens digit of f?
5
Let h(n) = 2*n**3 - 3*n**2 + 4*n - 2. Let q be h(2). Let j = q + -5. Suppose 0 = -j*f + 57 + 23. What is the units digit of f?
6
What is the hundreds digit of (334/(-5))/((-20)/50)?
1
Let j(c) = -2*c + 9. Let i be j(7). Let w = 17 + i. What is the units digit of w?
2
Suppose 0 = s + 5*l - 20, -4*l - l = 4*s - 35. Let o = 1 - 0. Suppose 0 = s*z - o - 4. What is the units digit of z?
1
Let u(p) be the first derivative of p**2/2 + 10*p + 1. Let t be u(-5). Suppose -4*k + 4*d + 61 = k, -2*k = -t*d - 38. What is the units digit of k?
9
What is the units digit of (-154)/(-6) + 16/12?
7
Let u = 34 - 18. Suppose 0*l - u = -l. Let c = l - 10. What is the units digit of c?
6
Let s(a) = a**2 - 3*a + 7. What is the tens digit of s(10)?
7
Let g = -639 + 898. What is the tens digit of g?
5
Let l(z) = 15*z - 5. What is the units digit of l(6)?
5
Let s(f) = -f**3 + 6*f**2 - 6*f + 7. Let t(u) = -u**2 - 8*u - 7. Let r be t(-6). Let d be s(r). Suppose 4*i - 22 = d. What is the units digit of i?
6
Let b be ((-4)/6)/(4/(-54)). Suppose 1 = -d, 2*d + 2*d = -u + b. What is the tens digit of u?
1
What is the tens digit of (((-1248)/(-10))/(-3))/((-4)/20)?
0
Let h = 126 - 74. What is the units digit 